?
-8
What is the value of 0 + 2 - (-9 + 8 + 3)?
0
(-7 - (-8 + 2)) + -1
-2
Calculate -4 - (-3 + 2 + 2).
-5
What is the value of 2 + -2 + (-42 - -42)?
0
-17 + -2 - (-57 + 46)
-8
1 + (-6 - -10) + -2
3
Evaluate (1 - -7 - -1) + -1.
8
Calculate -8 + 0 + -7 + 10.
-5
Evaluate 2 + (3 - 6) + 2 + -1.
0
What is the value of 6 + (-8 - (-9 - -8))?
-1
What is the value of -8 + -7 + -1 + 13?
-3
-59 + 58 + (-2 + 1 - -9)
7
-2 + (0 - 0) + (-4 - -3)
-3
Evaluate (1 - -1 - 3) + -2 - -3.
0
Calculate -6 + 5 + 2 + -2 + -3.
-4
Calculate -1 + -3 - (-8 + 3) - -5.
6
What is -4 - 0 - (-27 + 25)?
-2
0 + -3 - (1 + 1 - 0)
-5
Evaluate -8 - -14 - (5 - (2 - 1)).
2
Evaluate 8 + (3 + (1 - -1) - 11).
2
Calculate 62 + -49 + (-18 - 0).
-5
What is the value of 14 - (2 - (-1 + 1 + -4))?
8
Calculate (2 - (-5 + -3 + 14)) + -4.
-8
What is -19 - -20 - (2 + -2 + 1)?
0
Calculate 26 - 16 - (4 + 9).
-3
What is the value of 1 - (-12 + 3 - -2)?
8
What is the value of 1 + -1 + -7 + 11 + -5?
-1
What is the value of 1 + -8 - (-9 - -7)?
-5
(-12 - 1 - -7) + 16 - 2
8
Evaluate (21 - -1) + (0 - 8) + -6.
8
(3 - 1) + 1 - (0 + 4)
-1
What is the value of (-13 - -13) + -1 + (-1 - -2)?
0
9 + (-3 - 1) + -1
4
What is 0 - (-5 + -2 + 4)?
3
Evaluate 3 + -7 - (-4 + -3 + 3).
0
3 + 16 + (0 - 8) - 9
2
What is the value of -20 + 26 - (-1 + 14)?
-7
Evaluate -2 + 0 - 1 - (-11 + 5).
3
What is the value of (-15 - -16) + (-3 - 2)?
-4
What is the value of 12 + -4 + 3 + -10?
1
What is 0 - (-7 - (4 - 6))?
5
0 - (2 + -4 + 0)
2
Calculate 4 - (4 - (11 - (-6 - -10))).
7
Evaluate -10 - (-13 - (5 + 0)).
8
1 + -6 + (7 - -3)
5
What is the value of 0 - (-3 + (2 - (0 - -3)))?
4
What is the value of 93 - 96 - (-8 - (0 - 0))?
5
Evaluate -2 - (-2 + -1 - (-2 - 4)).
-5
Calculate 92 - 90 - (5 + 1 + -1).
-3
(-14 - -15) + (4 - (2 - -3))
0
What is the value of 8 + 6 + -21 + 9?
2
What is the value of 6 - (-2 + -1 - -5) - 2?
2
What is 3 - ((-2 - -8) + -6 + 3)?
0
What is (-1 - (3 - -2)) + 2?
-4
What is the value of (-2 + -1 + 2 - -3) + -9?
-7
What is 0 - (0 - -2 - 7)?
5
What is the value of (9 - (10 + 11)) + 6?
-6
What is the value of -1 + -2 - (7 + -5)?
-5
What is (1 + -2 - -2) + (-6 - -3)?
-2
Calculate -1 + 3 + -5 - (-3 - -4).
-4
Evaluate 4 - (3 - (2 - 4)) - 4.
-5
Calculate 4 + -4 + (4 - (-1 - -5)).
0
What is the value of -13 - (2 + 0 + -13)?
-2
Evaluate -4 + -1 + -4 + -5 + 9.
-5
What is the value of (-8 - -6) + 1 + 0 + -4?
-5
6 + -2 + -17 + 9
-4
Calculate (5 - 8) + 1 + 4 - 1.
1
-6 + -7 + 32 - 10
9
Calculate 1 - 9 - (-15 + 12).
-5
What is (1 - 1) + 3 - (-78 + 74)?
7
-1 - (-6 - (5 - 6))
4
What is the value of (-1 - -10) + (-5 - 4)?
0
What is the value of -3 + -3 + 1 + 0?
-5
Evaluate (-2 - -8) + -1 + 1 + 3.
9
(2 - (0 - 0)) + -7 - -12
7
Evaluate 0 - -2 - (-5 - -12) - -6.
1
What is the value of (8 - 6) + -3 + (3 - 0)?
2
Evaluate -3 + -3 - (-5 + 1 + -4).
2
Calculate (-2 + -6 - 1) + 6.
-3
What is the value of -10 - -7 - (-2 + 1) - 6?
-8
What is the value of -2 + 6 + 9 - 18?
-5
What is the value of 3 - (-1 + 0 + 1 - -2)?
1
(-4 - -2) + (-10 - -9)
-3
-1 - -9 - (-217 - -227)
-2
Evaluate -8 + (0 + 1 - (-6 - -4)).
-5
Calculate -4 + 1 - 6 - (4 + -9).
-4
Calculate 7 + -3 - (2 - -6).
-4
What is 5 + (-4 - 0) - (-8 + 14)?
-5
What is -2 + (-3 - -2) + 3?
0
What is (0 + (-1 - -3) - 6) + 3?
-1
Calculate -3 - (-6 - (-4 - (-10 - -6))).
3
11 + -10 + -1 + -1 + -1
-2
What is 190 - 193 - (0 - -1)?
-4
What is (-9 + 1 - (-26 + 27)) + 2?
-7
3 + (-2 - (-2 + 1))
2
Evaluate 4 + (0 + (-1 - 3) - -2).
2
What is 2 + -2 - (-1 + 5) - -7?
3
What is the value of 1 - (6 - (-2 - -5))?
-2
Calculate (3 - -1) + 11 + -18.
-3
Calculate 13 + -3 - (2 + 5).
3
What is the value of 4 + (0 - 5) - -2?
1
-51 + 49 + 2 + 0 + -3
-3
What is -13 + (9 - (-10 - -7))?
-1
Calculate 10 + (-2 - 4) - 7.
-3
-5 + 7 + -4 + -2
-4
Calculate -5 + (1 - (2 + -5) - 2).
-3
Evaluate 3 + (0 - (-6 + 9)) + 0.
0
What is the value of (-1 - 4 - -3) + -3?
-5
Evaluate 7 + -7 + (-1 - 0 - -4).
3
What is -6 - -3 - (-5 - 3)?
5
What is (-10 - -4) + 7 + 5 + -4?
2
5 - (5 + -1 + (1 - 5))
5
Evaluate -11 + 8 - -9 - 14.
-8
What is the value of -14 - (-5 + -5) - -3?
-1
Calculate -5 - -14 - (21 + -5).
-7
What is the value of 2 - ((-6 - -2) + 7)?
-1
Evaluate -8 - (4 - (-5 - (-16 + 4))).
-5
Evaluate (-6 - -1) + 6 + 2 + -6.
-3
2 - (-6 + 3 + 2)
3
What is the value of 1 - (3 - (3 - 1) - 6)?
6
(4 - ((-2 - -1) + 4)) + -5
-4
(-2 - (3 - 2)) + (0 - -5)
2
What is -2 + -3 + 1 + 4 + 1?
1
10 + (-11 - (-13 - -18))
-6
What is -6 + 10 + -5 + 0 + 3?
2
Calculate 0 + (3 - 0 - -1).
4
-4 - (-1 + 1 + -4 + 2)
-2
What is the value of 5 - (7 + (-2 - 3 - 0))?
3
-2 + 6 + (1 - (1 - 0))
4
Calculate (-4 - -18 - 5 - -2) + -5.
6
Evaluate -5 - -5 - -1 - (-4 - 0).
5
What is 2 + (-2 + 1 - 3)?
-2
What is -1 - ((-3 - (-8 + 3)) + -9)?
6
What is -5 + 7 - 1 - 14 - -4?
-9
Calculate 2 + -3 - (4 - 8).
3
What is -1 - (-5 - -12) - -5 - -3?
0
Calculate 3 + -3 + -10 + 1 + 4.
-5
Calculate (11 - 12) + (2 - 5).
-4
What is the value of -3 - (-6 - (-3 + 0))?
0
(-7 + 13 - (4 - 0)) + -6
-4
(14 + -3 - 20) + 14
5
What is the value of (6 - 4) + 1 + -1?
2
2 + 11 + 7 + -12
8
Calculate -11 + 1 + (11 - 3).
-2
What is (0 - -1) + 1 - (-1 - 0)?
3
Evaluate (-4 - -2 - 0) + 6 - 8.
-4
Calculate -1 - -1 - (4 + (-2 - 0)).
-2
What is the value of -2 - 2 - (18 + -18)?
-4
What is the value of -7 - 1 - (24 + -26)?
-6
10 + 9 + -19 + 10
10
What is the value of -3 - (0 + 0 - (0 - 1))?
-4
Evaluate -1 - (1 - 1 - 3) - -2.
4
Evaluate 4 - 2 - (0 - 3).
5
18 + 7 + -13 - 13
-1
Evaluate (-1 - 3) + -6 + -10 + 19.
-1
What is -4 + (5 - (2 - 4))?
3
-7 + (8 - 8) - -6
-1
6 + (-4 - 7 - -7) - 4
-2
What is (-5 - -8 - 4) + (1 - 2)?
-2
What is the value of 48 + -48 + (-1 - 1)?
-2
Evaluate 8 - ((-2 - -3) + 2) - 11.
-6
Calculate -1 - 8 - (8 - 13).
-4
What is the value of 0 + 5 - (-2 - (-9 + 1))?
-1
0 - (2 - (-9 + 6))
-5
What is the value of 3 - -2 - (-19 + 28)?
-4
Evaluate 6 + -13 - (0 + -1).
-6
What is the value of -5 + (7 + -1 - (17 - 21))?
5
-24 - -18 - (-8 + 2)
0
Evaluate (7 + -1 - (2 + 10)) + 6.
0
Evaluate 1 + 0 - (-11 + 15).
-3
Calculate 14 - (7 + -3 - -8).
2
What is the value of -4 - (-3 - -5) - -12?
6
What is the value of -2 + -11 + -9 + 14?
-8
What is the value of -5 + -9 + 5 + 10?
1
What is the value of 4 - (4 - -1 - -4)?
-5
Calculate 3 + -5 + (23 - 17).
4
What is the value of -3 - (1 + (-2 - 2))?
0
What is the value of -6 - (8 + (-1 - 8))?
-5
What is (-2 - (5 - 5)) + (3 - 0)?
1
Evaluate 3 - 0 - (-10 - -10 - -5).
-2
Calculate -8 + 21 + -10 - 6.
-3
Calculate (1 - 2) + 7 - (12 - 8).
2
What is -2 + (4 - 6) + 6?
2
What is 33 + -17 + -10 + -1 + -13?
-8
What is the value of -8 + (7 - -6) + -6?
-1
Calculate 5 - (3 + -3 + 1 - -1).
3
What is -1 + 2 - (-16 + 11)?
6
(26 - 13) + (-15 - 1)
-3
Calculate (0 - 0) + (-4 - (-1 + 0)).
-3
What is 4 + (10 + -1 - 6) + -10?
-3
Calculate (-9 - 3) + 7 + 3 + -1.
-3
Calculate -1 + 8 + -2 + -2 - 2.
1
Calculate -1 - ((0 - 3) + -1).
3
-7 + (4 - 0) + (12 - 12)
-3
What is -1 + 7 - (0 - -4 - 0)?
2
What is the value of -19 + 9 + 12 - 10?
-8
What is the value of -1 - -15 - (9 + -16 + 13)?
8
What is 5 - 2 - (9 - 1)?
-5
Evaluate 3 + -4 + 3 + 3.
5
Evaluate -5 + 0 - ((17 - 28) + 4).
2
What is (2 + -2 - (5 - 9)) + 1?
5
Calculate -41 + 42 + (0 - -4).
5
Calculate -3 - (1 - 1 - (0 - -8)).
5
-6 - (5 + -10) - (-1 + -3)
3
-2 + (-6 - -6 - -4)
2
Calculate 4 - (1 + (3 - 0)).
0
Evaluate -4 - (0 - (7 - 5)).
-2
What is -6 + 1 - -2 - (1 - 1)?
-3
Calculate 4 + -7 + 2 + 1.
0
-3 + 1 + 7 + -3
2
What is -1 - 5 - (21 + -28)?
1
What is the value of 0 + -1 - (-12 + 15)?
-4
What is the value of 10 + -8 + 1 + -6?
-3
What is -4 - (1 + 2 + (-14 - -3))?
4
-3 + 1 + -4 + 5
-1
What is 6 + -4 + (3 - 1)?
4
What is the value of 24 - (-23 + 50) - (-1 + 8)?
-10
What is 116 + -111 - (0 - (1 - 1))?
5
(0 - (-7 - -12 - 7)) + 7
9
6 + -3 + (0 - (2 + -1))
2
0 + (-2 - (-2 + 2 + 0))
-2
What is -2 - (-1 + (0 - 2 - -6))?
-5
(-11 - -7) + 16 + -17
-5
4 + (-6 - (-7 + 3))
2
Calculate -4 - (0 + -3 + -3).
2
What is the value of 4 + (-7 - 4) - (-7 + 4)?
-4
What is (-10 - -1) + (-2 - -6)?
-5
What is -1 + -3 + 2 - (5 + -1)?
-6
What is the value of (-4 - (-13 + 6)) + -6?
-3
What is 19 - ((6 - 1) + 7)?
7
What is the value of 1 + -1 + -1 + 3 + -5?
-3
-2 + -3 - (-4 - (1 + 0))
0
What is the value of -12 + (6 - 4) + 5?
-5
Calculate -3 - (3 + -7 + (-3 - -1)).
3
What is (-4 - (